062
In base 13, what is -1 - c82a7a9?
-c82a7aa
In base 14, what is -c + -acb921?
-acb92d
In base 2, what is 0 - 1001111011101001101011?
-1001111011101001101011
In base 5, what is -41313133 + -31?
-41313214
In base 2, what is 11000000110001110010 - 1100?
11000000110001100110
In base 10, what is -3 + 36511670?
36511667
In base 2, what is 11010101100100101101110101 + 10?
11010101100100101101110111
In base 14, what is -1 - 10d55a21?
-10d55a22
In base 13, what is -80143a3 + -4?
-80143a7
In base 7, what is 10 + -1522314143?
-1522314133
In base 14, what is 3d296 - 35d4?
39aa2
In base 12, what is 0 + -1108965?
-1108965
In base 4, what is -210213032 + 230323?
-203322103
In base 7, what is -4 - 21156464?
-21156501
In base 8, what is 17 + 1367231?
1367250
In base 11, what is -1098802 - -5?
-10987a8
In base 14, what is 446406 - -138?
446540
In base 14, what is 294052a - b?
294051d
In base 11, what is -2 + -518912?
-518914
In base 2, what is -10001010101100010 + -1110001110?
-10001100011110000
In base 14, what is 4 - 88c06b4?
-88c06b0
In base 3, what is -10111110220012022 + -12?
-10111110220012111
In base 2, what is 11010110110 - -100000?
11011010110
In base 11, what is -234034 + 1aa?
-233935
In base 12, what is -21b + 19509?
192aa
In base 16, what is 5e - 385489?
-38542b
In base 13, what is 41a130 + -7?
41a126
In base 14, what is -5 + -8b3745c?
-8b37463
In base 9, what is 1078662 + -10?
1078652
In base 10, what is 31 - -6509676?
6509707
In base 4, what is 1023203130 + 1331?
1023211121
In base 13, what is 1b + -12c75?
-12c57
In base 7, what is -511001 - -5513?
-502155
In base 12, what is 71493 - -311?
717a4
In base 12, what is -2189 - -698?
-16b1
In base 8, what is -11 - 2402522?
-2402533
In base 5, what is -232001424 + 330?
-232001044
In base 12, what is -12b9 + 73a24?
72727
In base 14, what is 6538955 + -11?
6538944
In base 12, what is 3 - -1a318bb2?
1a318bb5
In base 3, what is 10212102012 - 2201210?
10202200102
In base 6, what is 141105504 + 332?
141110240
In base 10, what is 77 - 9587?
-9510
In base 7, what is -53144 + 163205?
110031
In base 14, what is b628 + 277?
b8a1
In base 12, what is b906aa6 + -4?
b906aa2
In base 7, what is 16254051 - -3?
16254054
In base 10, what is -1930144 + -10?
-1930154
In base 6, what is 24 - 2531552144?
-2531552120
In base 6, what is 150141410 + -104?
150141302
In base 2, what is -101011011110010010001011110 - 1?
-101011011110010010001011111
In base 7, what is -142 - -14302244?
14302102
In base 11, what is -2 - 297113?
-297115
In base 9, what is -663481627 + 0?
-663481627
In base 3, what is -121 + 112001002200111?
112001002122220
In base 10, what is 1 - 14820518?
-14820517
In base 4, what is 33103101132020 + -10?
33103101132010
In base 14, what is -16 - 14a71cd?
-14a7205
In base 14, what is -84 - 1cb91a4?
-1cb9248
In base 14, what is -2 + 22850?
2284c
In base 13, what is -25547b6 + -3?
-25547b9
In base 9, what is 3 + -1068034?
-1068031
In base 3, what is 11 + -1112221001112021?
-1112221001112010
In base 16, what is 20bf0 + 1fd?
20ded
In base 11, what is 93a - 4156?
-3317
In base 13, what is c90942 - -4?
c90946
In base 16, what is -13a0a1 - -1a?
-13a087
In base 15, what is -4 - 485d87c?
-485d881
In base 7, what is 254111464 + 4?
254111501
In base 16, what is -1e + -75f1?
-760f
In base 7, what is -11061650522 + -1?
-11061650523
In base 5, what is -23144 - 4314?
-33013
In base 2, what is 1111101001110100 + 10101101?
1111101100100001
In base 12, what is -398a9a5 - 6?
-398a9ab
In base 2, what is -1100010100 - 100101111000000011?
-100110000100010111
In base 9, what is -6 + -14015024?
-14015031
In base 5, what is 1301014040420 + 1?
1301014040421
In base 16, what is 107b93a - -1?
107b93b
In base 9, what is -221114 + -110?
-221224
In base 4, what is 323 - 1223333203?
-1223332220
In base 7, what is 520 - 12516203?
-12515353
In base 3, what is -1012000210012101 + 101?
-1012000210012000
In base 15, what is -1ec - -1130?
e33
In base 8, what is -120 - 66340?
-66460
In base 7, what is -45636325 + -51?
-45636406
In base 12, what is 601 - 319?
2a4
In base 4, what is 3012210111123 + 11?
3012210111200
In base 6, what is -155 + -115125?
-115324
In base 11, what is -1867476 - 30?
-18674a6
In base 6, what is -2343 - -1213513?
1211130
In base 14, what is -3377 - 167?
-3500
In base 7, what is 22 - -321566?
321621
In base 8, what is 2 + -6161566?
-6161564
In base 4, what is -21 - -222133232012?
222133231331
In base 14, what is -17360 - 4da?
-1785a
In base 11, what is 584 - 347537?
-346a63
In base 2, what is 10101001 - -111101110001011?
111110000110100
In base 14, what is -15b - -6b863?
6b706
In base 4, what is -1000 - -331220100103?
331220033103
In base 2, what is 1100101010011101110100 - -101?
1100101010011101111001
In base 2, what is -101111101111101111111 + -1001?
-101111101111110001000
In base 9, what is 7331150 - -17?
7331167
In base 14, what is -11c3 + -c8d?
-2072
In base 10, what is -226 + -5045?
-5271
In base 10, what is -1466 - 9756?
-11222
In base 8, what is 153453 + -1226?
152225
In base 9, what is -185 + -3048?
-3244
In base 4, what is -20 + -2110002120012?
-2110002120032
In base 8, what is -5152 + -161?
-5333
In base 10, what is -12949669 + -6?
-12949675
In base 8, what is 11605102050 - -2?
11605102052
In base 12, what is 3 - 4b531b3?
-4b531b0
In base 8, what is 4070 - -6400?
12470
In base 7, what is 35 - -1445300?
1445335
In base 6, what is -22 - 5001200242?
-5001200304
In base 9, what is 143 + 73754?
74007
In base 6, what is 30224 - 11502?
14322
In base 4, what is -1 - -211311033031?
211311033030
In base 12, what is 63b19 - 29?
63ab0
In base 14, what is 9d89 - 180d?
857a
In base 15, what is e0970 + 7b?
e09eb
In base 13, what is -1092c21 - 0?
-1092c21
In base 2, what is 1111011000 - 1000000111001?
-110001100001
In base 4, what is 1333 - 121112333331?
-121112331332
In base 8, what is 311363 - -470?
312053
In base 10, what is 207692915 - 3?
207692912
In base 6, what is -25040 - -42014?
12534
In base 2, what is 10000111000101100000011000 + -1101?
10000111000101100000001011
In base 16, what is cb + -12e775?
-12e6aa
In base 6, what is -1 + 2225534?
2225533
In base 11, what is 7253 + -53795?
-47542
In base 10, what is -7 - -5578941?
5578934
In base 2, what is -101 + -100011110010011111100111?
-100011110010011111101100
In base 16, what is 1a25 + -e1?
1944
In base 8, what is -16712 + 26446?
7534
In base 4, what is 132 - -30013222323?
30013223121
In base 10, what is -5 + -143725823?
-143725828
In base 4, what is -32321 + -111330000?
-112022321
In base 13, what is 87cc44c - -1?
87cc450
In base 9, what is 571576 + 7?
571584
In base 15, what is -16ad2 - dc?
-16bbe
In base 15, what is -1ab + c8dd?
c732
In base 8, what is 42574 + -21070?
21504
In base 16, what is b8f36 + -31?
b8f05
In base 4, what is -101200000031 + -23?
-101200000120
In base 13, what is -4 + 11349778?
11349774
In base 2, what is 10 - 110111111100001110100110001?
-110111111100001110100101111
In base 13, what is 103 - -4b47?
4c4a
In base 8, what is -1 + 161770764?
161770763
In base 6, what is 101 - 30143151?
-30143050
In base 11, what is -8051257 - 5?
-8051261
In base 10, what is -77 + -1765412?
-1765489
In base 14, what is -1590b38 - 6?
-1590b40
In base 16, what is -eaf39 - -15?
-eaf24
In base 5, what is -2 + -414441300411?
-414441300413
In base 2, what is 1011001011101100 + 10000010110?
1011011100000010
In base 14, what is -4bc6c149 + -2?
-4bc6c14b
In base 7, what is 4162 + -305016?
-300524
In base 13, what is 7b9 - 42894?
-420a8
In base 8, what is -252711 - 5?
-252716
In base 12, what is 57553a + -51?
5754a9
In base 15, what is -8c61c + 85?
-8c587
In base 12, what is -70 + -b0a24?
-b0a94
In base 3, what is -121111122111 - 120210?
-121112020021
In base 14, what is -4 - -208a66d9?
208a66d5
In base 15, what is 1 - -77d4c87?
77d4c88
In base 10, what is 316413 - 262?
316151
In base 6, what is -40312420515 - -2?
-40312420513
In base 4, what is -130103001 - -3203?
-130033132
In base 4, what is -3 + 12032010333300?
12032010333231
In base 7, what is -140502 - -61306?
-46163
In base 7, what is 36263600625 - -1?
36263600626
In base 11, what is -108 + 1348a7?
13479a
In base 9, what is -736155 - -12?
-736143
In base 8, what is -61737476 + 5?
-61737471
In base 5, what is -20033 + -342341